{"id":110,"date":"2025-11-08T23:56:45","date_gmt":"2025-11-08T20:56:45","guid":{"rendered":"https:\/\/canakkaleelektrikci.net\/?page_id=110"},"modified":"2025-11-09T00:01:25","modified_gmt":"2025-11-08T21:01:25","slug":"elektrik-ariza-tespiti-ve-onarimi","status":"publish","type":"page","link":"https:\/\/canakkaleelektrikci.net\/?page_id=110","title":{"rendered":"Elektrik Ar\u0131za Tespiti Ve Onar\u0131m\u0131"},"content":{"rendered":"\n<h2 class=\"wp-block-heading has-black-color has-luminous-vivid-amber-background-color has-text-color has-background has-link-color has-medium-font-size wp-elements-dda18d14157bbecb55ee8a910c8d276f\"><strong>ELEKTR\u0130K ARIZA TESP\u0130T\u0130 VE ONARIMI<\/strong>                                                                          Devam\u0131 \u0130\u00e7in T\u0131klay\u0131n<\/h2>\n\n\n\n<h2 class=\"wp-block-heading has-black-color has-luminous-vivid-amber-background-color has-text-color has-background has-link-color has-medium-font-size wp-elements-f202e9e3383819ab16ef92fefb4b0406\"><strong>MERKEZ\u0130 VE \u00d6ZEL UYDU KURULUMU<\/strong>                                                                 Devam\u0131 \u0130\u00e7in T\u0131klay\u0131n<\/h2>\n\n\n\n<h2 class=\"wp-block-heading has-black-color has-luminous-vivid-amber-background-color has-text-color has-background has-link-color has-medium-font-size wp-elements-be4d8a3491807662b9c69ef19231b061\"><strong>G\u00dcVENL\u0130K KAMERA S\u0130STEMLER\u0130 MONTAJI<\/strong>                                                                            Devam\u0131 \u0130\u00e7in T\u0131klay\u0131n<\/h2>\n\n\n\n<h2 class=\"wp-block-heading has-black-color has-luminous-vivid-amber-background-color has-text-color has-background has-link-color has-medium-font-size wp-elements-dcff5a8d8c8b311a1a5178138f13cabd\"><strong>YERALTI KABLO ARIZA TESP\u0130T\u0130 VE ONARIMI<\/strong>                                                                     Devam\u0131 \u0130\u00e7in T\u0131klay\u0131n<\/h2>\n\n\n\n<h2 class=\"wp-block-heading has-black-color has-luminous-vivid-amber-background-color has-text-color has-background has-link-color has-medium-font-size wp-elements-bd32a808c7e9d991eeebdfcd10439dab\"><strong>ELEKTR\u0130K MALZEME TEDAR\u0130K  <\/strong>                                                                                   Devam\u0131 \u0130\u00e7in T\u0131klay\u0131n<\/h2>\n\n\n\n<div class=\"wp-block-media-text is-stacked-on-mobile\" style=\"grid-template-columns:42% auto\"><figure class=\"wp-block-media-text__media\"><img loading=\"lazy\" decoding=\"async\" width=\"1024\" height=\"576\" src=\"https:\/\/canakkaleelektrikci.net\/wp-content\/uploads\/2025\/11\/WhatsApp-Gorsel-2025-11-08-saat-20.43.32_a22061f8-1024x576.jpg\" alt=\"Elektrik Ar\u0131za Tespiti Ve Onar\u0131m\u0131\" class=\"wp-image-66 size-full\" srcset=\"https:\/\/canakkaleelektrikci.net\/wp-content\/uploads\/2025\/11\/WhatsApp-Gorsel-2025-11-08-saat-20.43.32_a22061f8-1024x576.jpg 1024w, https:\/\/canakkaleelektrikci.net\/wp-content\/uploads\/2025\/11\/WhatsApp-Gorsel-2025-11-08-saat-20.43.32_a22061f8-300x169.jpg 300w, https:\/\/canakkaleelektrikci.net\/wp-content\/uploads\/2025\/11\/WhatsApp-Gorsel-2025-11-08-saat-20.43.32_a22061f8-768x432.jpg 768w, https:\/\/canakkaleelektrikci.net\/wp-content\/uploads\/2025\/11\/WhatsApp-Gorsel-2025-11-08-saat-20.43.32_a22061f8-1536x864.jpg 1536w, https:\/\/canakkaleelektrikci.net\/wp-content\/uploads\/2025\/11\/WhatsApp-Gorsel-2025-11-08-saat-20.43.32_a22061f8-1026x577.jpg 1026w, https:\/\/canakkaleelektrikci.net\/wp-content\/uploads\/2025\/11\/WhatsApp-Gorsel-2025-11-08-saat-20.43.32_a22061f8-675x380.jpg 675w, https:\/\/canakkaleelektrikci.net\/wp-content\/uploads\/2025\/11\/WhatsApp-Gorsel-2025-11-08-saat-20.43.32_a22061f8.jpg 2048w\" sizes=\"auto, (max-width: 1024px) 100vw, 1024px\" \/><\/figure><div class=\"wp-block-media-text__content\">\n<p class=\"has-small-font-size\"><strong>Elektrik Ar\u0131za Tespiti Ve Onar\u0131m\u0131 <\/strong><\/p>\n\n\n\n<p class=\"has-small-font-size\"><strong>Pozitif Elektrik \u2013 Hasan Bey\u2019in Hikayesi<br>Hasan Bey, 20 y\u0131ll\u0131k elektrik tecr\u00fcbesine sahip, i\u015fine tutkuyla ba\u011fl\u0131 bir i\u015fletmecidir.<br>\u0130stanbul\u2019da 15 y\u0131l boyunca kendi elektrik i\u015fletmesini ba\u015far\u0131yla y\u00f6nettikten sonra, bilgi ve deneyimini \u00c7anakkale\u2019ye ta\u015f\u0131yarak Pozitif Elektrik\u2019i kurmu\u015ftur.<br>Bug\u00fcn, hem teknik uzmanl\u0131\u011f\u0131 hem de m\u00fc\u015fteri memnuniyetine verdi\u011fi \u00f6nemle, \u00c7anakkale\u2019de elektrik ar\u0131zas\u0131, uydu sistemleri ve g\u00fcvenlik kamera \u00e7\u00f6z\u00fcmleri alan\u0131nda g\u00fcvenilir hizmet sunmaktad\u0131r.<br>Pozitif Elektrik, yerel ihtiya\u00e7lara duyarl\u0131, h\u0131zl\u0131 ve garantili \u00e7\u00f6z\u00fcmlerle \u00c7anakkale halk\u0131n\u0131n yan\u0131nda.<\/strong><\/p>\n<\/div><\/div>\n","protected":false},"excerpt":{"rendered":"<p>ELEKTR\u0130K ARIZA TESP\u0130T\u0130 VE ONARIMI Devam\u0131 \u0130\u00e7in T\u0131klay\u0131n MERKEZ\u0130 VE \u00d6ZEL UYDU KURULUMU Devam\u0131 \u0130\u00e7in T\u0131klay\u0131n G\u00dcVENL\u0130K KAMERA S\u0130STEMLER\u0130 MONTAJI Devam\u0131 \u0130\u00e7in T\u0131klay\u0131n YERALTI KABLO&#8230;<\/p>\n","protected":false},"author":1,"featured_media":0,"parent":0,"menu_order":0,"comment_status":"closed","ping_status":"closed","template":"","meta":{"_joinchat":[],"footnotes":""},"class_list":["post-110","page","type-page","status-publish","hentry"],"yoast_head":"<!-- This site is optimized with the Yoast SEO plugin v26.3 - https:\/\/yoast.com\/wordpress\/plugins\/seo\/ -->\n<title>Elektrik Ar\u0131za Tespiti Ve Onar\u0131m\u0131 - 0501 357 17 17 Elektrik Ar\u0131za Onar\u0131m<\/title>\n<meta name=\"description\" content=\"Elektrik Ar\u0131za Tespiti Ve Onar\u0131m\u0131 Yeralt\u0131 Kablo Ar\u0131za Tespiti Onar\u0131m\u0131 G\u00fczergah Rota belirleme kablosa\u011flaml\u0131k testleri tv kurulum kamera montaj\" \/>\n<meta name=\"robots\" content=\"index, follow, max-snippet:-1, max-image-preview:large, max-video-preview:-1\" \/>\n<link rel=\"canonical\" href=\"https:\/\/canakkaleelektrikci.net\/?page_id=110\" \/>\n<meta property=\"og:locale\" content=\"tr_TR\" \/>\n<meta property=\"og:type\" content=\"article\" \/>\n<meta property=\"og:title\" content=\"Elektrik Ar\u0131za Tespiti Ve Onar\u0131m\u0131 - 0501 357 17 17 Elektrik Ar\u0131za Onar\u0131m\" \/>\n<meta property=\"og:description\" content=\"Elektrik Ar\u0131za Tespiti Ve Onar\u0131m\u0131 Yeralt\u0131 Kablo Ar\u0131za Tespiti Onar\u0131m\u0131 G\u00fczergah Rota belirleme kablosa\u011flaml\u0131k testleri tv kurulum kamera montaj\" \/>\n<meta property=\"og:url\" content=\"https:\/\/canakkaleelektrikci.net\/?page_id=110\" \/>\n<meta property=\"og:site_name\" content=\"Elektrik Ar\u0131za Onar\u0131m\" \/>\n<meta property=\"article:modified_time\" content=\"2025-11-08T21:01:25+00:00\" \/>\n<meta property=\"og:image\" content=\"https:\/\/canakkaleelektrikci.net\/wp-content\/uploads\/2025\/11\/WhatsApp-Gorsel-2025-11-08-saat-20.43.32_a22061f8.jpg\" \/>\n\t<meta property=\"og:image:width\" content=\"2048\" \/>\n\t<meta property=\"og:image:height\" content=\"1152\" \/>\n\t<meta property=\"og:image:type\" content=\"image\/jpeg\" \/>\n<meta name=\"twitter:card\" content=\"summary_large_image\" \/>\n<meta name=\"twitter:label1\" content=\"Tahmini okuma s\u00fcresi\" \/>\n\t<meta name=\"twitter:data1\" content=\"1 dakika\" \/>\n<script type=\"application\/ld+json\" class=\"yoast-schema-graph\">{\"@context\":\"https:\/\/schema.org\",\"@graph\":[{\"@type\":\"WebPage\",\"@id\":\"https:\/\/canakkaleelektrikci.net\/?page_id=110\",\"url\":\"https:\/\/canakkaleelektrikci.net\/?page_id=110\",\"name\":\"Elektrik Ar\u0131za Tespiti Ve Onar\u0131m\u0131 - 0501 357 17 17 Elektrik Ar\u0131za Onar\u0131m\",\"isPartOf\":{\"@id\":\"https:\/\/canakkaleelektrikci.net\/#website\"},\"primaryImageOfPage\":{\"@id\":\"https:\/\/canakkaleelektrikci.net\/?page_id=110#primaryimage\"},\"image\":{\"@id\":\"https:\/\/canakkaleelektrikci.net\/?page_id=110#primaryimage\"},\"thumbnailUrl\":\"https:\/\/canakkaleelektrikci.net\/wp-content\/uploads\/2025\/11\/WhatsApp-Gorsel-2025-11-08-saat-20.43.32_a22061f8-1024x576.jpg\",\"datePublished\":\"2025-11-08T20:56:45+00:00\",\"dateModified\":\"2025-11-08T21:01:25+00:00\",\"description\":\"Elektrik Ar\u0131za Tespiti Ve Onar\u0131m\u0131 Yeralt\u0131 Kablo Ar\u0131za Tespiti Onar\u0131m\u0131 G\u00fczergah Rota belirleme kablosa\u011flaml\u0131k testleri tv kurulum kamera montaj\",\"breadcrumb\":{\"@id\":\"https:\/\/canakkaleelektrikci.net\/?page_id=110#breadcrumb\"},\"inLanguage\":\"tr\",\"potentialAction\":[{\"@type\":\"ReadAction\",\"target\":[\"https:\/\/canakkaleelektrikci.net\/?page_id=110\"]}]},{\"@type\":\"ImageObject\",\"inLanguage\":\"tr\",\"@id\":\"https:\/\/canakkaleelektrikci.net\/?page_id=110#primaryimage\",\"url\":\"https:\/\/canakkaleelektrikci.net\/wp-content\/uploads\/2025\/11\/WhatsApp-Gorsel-2025-11-08-saat-20.43.32_a22061f8.jpg\",\"contentUrl\":\"https:\/\/canakkaleelektrikci.net\/wp-content\/uploads\/2025\/11\/WhatsApp-Gorsel-2025-11-08-saat-20.43.32_a22061f8.jpg\",\"width\":2048,\"height\":1152,\"caption\":\"Elektrik Ar\u0131za Tespiti Ve Onar\u0131m\u0131\"},{\"@type\":\"BreadcrumbList\",\"@id\":\"https:\/\/canakkaleelektrikci.net\/?page_id=110#breadcrumb\",\"itemListElement\":[{\"@type\":\"ListItem\",\"position\":1,\"name\":\"Anasayfa\",\"item\":\"https:\/\/canakkaleelektrikci.net\/\"},{\"@type\":\"ListItem\",\"position\":2,\"name\":\"Elektrik Ar\u0131za Tespiti Ve Onar\u0131m\u0131\"}]},{\"@type\":\"WebSite\",\"@id\":\"https:\/\/canakkaleelektrikci.net\/#website\",\"url\":\"https:\/\/canakkaleelektrikci.net\/\",\"name\":\"Elektrik Ar\u0131za Onar\u0131m\",\"description\":\"Kamera Ve Uydu Montaj\u0131 Yeralt\u0131 Kablo Ar\u0131za Tespit Onar\u0131m Ve Sa\u011flaml\u0131k Testleri\",\"potentialAction\":[{\"@type\":\"SearchAction\",\"target\":{\"@type\":\"EntryPoint\",\"urlTemplate\":\"https:\/\/canakkaleelektrikci.net\/?s={search_term_string}\"},\"query-input\":{\"@type\":\"PropertyValueSpecification\",\"valueRequired\":true,\"valueName\":\"search_term_string\"}}],\"inLanguage\":\"tr\"}]}<\/script>\n<!-- \/ Yoast SEO plugin. -->","yoast_head_json":{"title":"Elektrik Ar\u0131za Tespiti Ve Onar\u0131m\u0131 - 0501 357 17 17 Elektrik Ar\u0131za Onar\u0131m","description":"Elektrik Ar\u0131za Tespiti Ve Onar\u0131m\u0131 Yeralt\u0131 Kablo Ar\u0131za Tespiti Onar\u0131m\u0131 G\u00fczergah Rota belirleme kablosa\u011flaml\u0131k testleri tv kurulum kamera montaj","robots":{"index":"index","follow":"follow","max-snippet":"max-snippet:-1","max-image-preview":"max-image-preview:large","max-video-preview":"max-video-preview:-1"},"canonical":"https:\/\/canakkaleelektrikci.net\/?page_id=110","og_locale":"tr_TR","og_type":"article","og_title":"Elektrik Ar\u0131za Tespiti Ve Onar\u0131m\u0131 - 0501 357 17 17 Elektrik Ar\u0131za Onar\u0131m","og_description":"Elektrik Ar\u0131za Tespiti Ve Onar\u0131m\u0131 Yeralt\u0131 Kablo Ar\u0131za Tespiti Onar\u0131m\u0131 G\u00fczergah Rota belirleme kablosa\u011flaml\u0131k testleri tv kurulum kamera montaj","og_url":"https:\/\/canakkaleelektrikci.net\/?page_id=110","og_site_name":"Elektrik Ar\u0131za Onar\u0131m","article_modified_time":"2025-11-08T21:01:25+00:00","og_image":[{"width":2048,"height":1152,"url":"https:\/\/canakkaleelektrikci.net\/wp-content\/uploads\/2025\/11\/WhatsApp-Gorsel-2025-11-08-saat-20.43.32_a22061f8.jpg","type":"image\/jpeg"}],"twitter_card":"summary_large_image","twitter_misc":{"Tahmini okuma s\u00fcresi":"1 dakika"},"schema":{"@context":"https:\/\/schema.org","@graph":[{"@type":"WebPage","@id":"https:\/\/canakkaleelektrikci.net\/?page_id=110","url":"https:\/\/canakkaleelektrikci.net\/?page_id=110","name":"Elektrik Ar\u0131za Tespiti Ve Onar\u0131m\u0131 - 0501 357 17 17 Elektrik Ar\u0131za Onar\u0131m","isPartOf":{"@id":"https:\/\/canakkaleelektrikci.net\/#website"},"primaryImageOfPage":{"@id":"https:\/\/canakkaleelektrikci.net\/?page_id=110#primaryimage"},"image":{"@id":"https:\/\/canakkaleelektrikci.net\/?page_id=110#primaryimage"},"thumbnailUrl":"https:\/\/canakkaleelektrikci.net\/wp-content\/uploads\/2025\/11\/WhatsApp-Gorsel-2025-11-08-saat-20.43.32_a22061f8-1024x576.jpg","datePublished":"2025-11-08T20:56:45+00:00","dateModified":"2025-11-08T21:01:25+00:00","description":"Elektrik Ar\u0131za Tespiti Ve Onar\u0131m\u0131 Yeralt\u0131 Kablo Ar\u0131za Tespiti Onar\u0131m\u0131 G\u00fczergah Rota belirleme kablosa\u011flaml\u0131k testleri tv kurulum kamera montaj","breadcrumb":{"@id":"https:\/\/canakkaleelektrikci.net\/?page_id=110#breadcrumb"},"inLanguage":"tr","potentialAction":[{"@type":"ReadAction","target":["https:\/\/canakkaleelektrikci.net\/?page_id=110"]}]},{"@type":"ImageObject","inLanguage":"tr","@id":"https:\/\/canakkaleelektrikci.net\/?page_id=110#primaryimage","url":"https:\/\/canakkaleelektrikci.net\/wp-content\/uploads\/2025\/11\/WhatsApp-Gorsel-2025-11-08-saat-20.43.32_a22061f8.jpg","contentUrl":"https:\/\/canakkaleelektrikci.net\/wp-content\/uploads\/2025\/11\/WhatsApp-Gorsel-2025-11-08-saat-20.43.32_a22061f8.jpg","width":2048,"height":1152,"caption":"Elektrik Ar\u0131za Tespiti Ve Onar\u0131m\u0131"},{"@type":"BreadcrumbList","@id":"https:\/\/canakkaleelektrikci.net\/?page_id=110#breadcrumb","itemListElement":[{"@type":"ListItem","position":1,"name":"Anasayfa","item":"https:\/\/canakkaleelektrikci.net\/"},{"@type":"ListItem","position":2,"name":"Elektrik Ar\u0131za Tespiti Ve Onar\u0131m\u0131"}]},{"@type":"WebSite","@id":"https:\/\/canakkaleelektrikci.net\/#website","url":"https:\/\/canakkaleelektrikci.net\/","name":"Elektrik Ar\u0131za Onar\u0131m","description":"Kamera Ve Uydu Montaj\u0131 Yeralt\u0131 Kablo Ar\u0131za Tespit Onar\u0131m Ve Sa\u011flaml\u0131k Testleri","potentialAction":[{"@type":"SearchAction","target":{"@type":"EntryPoint","urlTemplate":"https:\/\/canakkaleelektrikci.net\/?s={search_term_string}"},"query-input":{"@type":"PropertyValueSpecification","valueRequired":true,"valueName":"search_term_string"}}],"inLanguage":"tr"}]}},"_links":{"self":[{"href":"https:\/\/canakkaleelektrikci.net\/index.php?rest_route=\/wp\/v2\/pages\/110","targetHints":{"allow":["GET"]}}],"collection":[{"href":"https:\/\/canakkaleelektrikci.net\/index.php?rest_route=\/wp\/v2\/pages"}],"about":[{"href":"https:\/\/canakkaleelektrikci.net\/index.php?rest_route=\/wp\/v2\/types\/page"}],"author":[{"embeddable":true,"href":"https:\/\/canakkaleelektrikci.net\/index.php?rest_route=\/wp\/v2\/users\/1"}],"replies":[{"embeddable":true,"href":"https:\/\/canakkaleelektrikci.net\/index.php?rest_route=%2Fwp%2Fv2%2Fcomments&post=110"}],"version-history":[{"count":3,"href":"https:\/\/canakkaleelektrikci.net\/index.php?rest_route=\/wp\/v2\/pages\/110\/revisions"}],"predecessor-version":[{"id":115,"href":"https:\/\/canakkaleelektrikci.net\/index.php?rest_route=\/wp\/v2\/pages\/110\/revisions\/115"}],"wp:attachment":[{"href":"https:\/\/canakkaleelektrikci.net\/index.php?rest_route=%2Fwp%2Fv2%2Fmedia&parent=110"}],"curies":[{"name":"wp","href":"https:\/\/api.w.org\/{rel}","templated":true}]}}