{"id":28,"date":"2025-11-08T15:11:16","date_gmt":"2025-11-08T12:11:16","guid":{"rendered":"https:\/\/canakkaleelektrikci.net\/?page_id=28"},"modified":"2025-11-08T22:22:28","modified_gmt":"2025-11-08T19:22:28","slug":"canakkale-tv-uydu-kurulumu","status":"publish","type":"page","link":"https:\/\/canakkaleelektrikci.net\/?page_id=28","title":{"rendered":"\u00c7anakkale TV Uydu Kurulumu"},"content":{"rendered":"\n<h2 class=\"wp-block-heading\">\u00c7anakkale TV Uydu Kurulumu Merkezi Sistem Montaj\u0131 ve Ar\u0131za Onar\u0131m\u0131<\/h2>\n\n\n\n<h3 class=\"wp-block-heading\">TV Uydu Kurulumu Televizyon Yay\u0131nlar\u0131nda Kesintisiz Kalite \u0130\u00e7in Profesyonel \u00c7\u00f6z\u00fcmler<\/h3>\n\n\n\n<p class=\"has-medium-font-size\">\u00c7anakkale TV Uydu Kurulumu <a href=\"https:\/\/pozitifelektrik.net\/iletisim\/\">Pozitif Elektrik<\/a> olarak \u00c7anakkale\u2019de bireysel ve merkezi <a href=\"https:\/\/alternatif-kablo-test.com.tr\/\">uydu sistemleri<\/a><a href=\"https:\/\/canakkaleelektrikci.net\/\"> kurulumu<\/a>, ar\u0131za tespiti ve onar\u0131m\u0131 hizmetleri sunuyoruz. Apartmanlar, siteler, i\u015f yerleri ve m\u00fcstakil evler i\u00e7in en uygun televizyon altyap\u0131s\u0131n\u0131 sa\u011fl\u0131yoruz.<\/p>\n\n\n\n<hr class=\"wp-block-separator has-alpha-channel-opacity\"\/>\n\n\n\n<h3 class=\"wp-block-heading\">\ud83d\udee0\ufe0f TV Uydu Kurulumu Hizmeti<\/h3>\n\n\n\n<figure class=\"wp-block-image size-large\"><img loading=\"lazy\" decoding=\"async\" width=\"1024\" height=\"768\" src=\"https:\/\/canakkaleelektrikci.net\/wp-content\/uploads\/2025\/11\/WhatsApp-Gorsel-2025-11-08-saat-20.40.29_a470b1ea-1024x768.jpg\" alt=\"\u00c7anakkale TV Uydu Kurulumu\" class=\"wp-image-65\" srcset=\"https:\/\/canakkaleelektrikci.net\/wp-content\/uploads\/2025\/11\/WhatsApp-Gorsel-2025-11-08-saat-20.40.29_a470b1ea-1024x768.jpg 1024w, https:\/\/canakkaleelektrikci.net\/wp-content\/uploads\/2025\/11\/WhatsApp-Gorsel-2025-11-08-saat-20.40.29_a470b1ea-300x225.jpg 300w, https:\/\/canakkaleelektrikci.net\/wp-content\/uploads\/2025\/11\/WhatsApp-Gorsel-2025-11-08-saat-20.40.29_a470b1ea-768x576.jpg 768w, https:\/\/canakkaleelektrikci.net\/wp-content\/uploads\/2025\/11\/WhatsApp-Gorsel-2025-11-08-saat-20.40.29_a470b1ea-1536x1152.jpg 1536w, https:\/\/canakkaleelektrikci.net\/wp-content\/uploads\/2025\/11\/WhatsApp-Gorsel-2025-11-08-saat-20.40.29_a470b1ea-1026x770.jpg 1026w, https:\/\/canakkaleelektrikci.net\/wp-content\/uploads\/2025\/11\/WhatsApp-Gorsel-2025-11-08-saat-20.40.29_a470b1ea-675x506.jpg 675w, https:\/\/canakkaleelektrikci.net\/wp-content\/uploads\/2025\/11\/WhatsApp-Gorsel-2025-11-08-saat-20.40.29_a470b1ea-480x360.jpg 480w, https:\/\/canakkaleelektrikci.net\/wp-content\/uploads\/2025\/11\/WhatsApp-Gorsel-2025-11-08-saat-20.40.29_a470b1ea.jpg 1704w\" sizes=\"auto, (max-width: 1024px) 100vw, 1024px\" \/><figcaption class=\"wp-element-caption\">\u00c7anakkale TV Uydu Kurulumu<\/figcaption><\/figure>\n\n\n\n<ul class=\"wp-block-list\">\n<li><strong>Bireysel \u00c7anak Anten Montaj\u0131:<\/strong> Evinizin \u00e7at\u0131s\u0131na veya balkonuna uygun \u015fekilde kurulum yap\u0131l\u0131r.<\/li>\n\n\n\n<li><strong>Uydu Al\u0131c\u0131s\u0131 ve Kablolama:<\/strong> Kaliteli malzeme ile sinyal kayb\u0131 olmadan ba\u011flant\u0131 sa\u011flan\u0131r.<\/li>\n\n\n\n<li><strong>T\u00fcrksat, Hotbird, Astra Uyumlu Sistemler:<\/strong> T\u00fcm uydu platformlar\u0131na uygun kurulum yap\u0131l\u0131r.<\/li>\n\n\n\n<li><strong>HD\/4K Yay\u0131n Deste\u011fi:<\/strong> Yeni nesil televizyonlara tam uyumlu sistemler kurulur.<\/li>\n<\/ul>\n\n\n\n<hr class=\"wp-block-separator has-alpha-channel-opacity\"\/>\n\n\n\n<h3 class=\"wp-block-heading\">\ud83c\udfe2 Merkezi Uydu Sistemleri Montaj\u0131<\/h3>\n\n\n\n<ul class=\"wp-block-list\">\n<li><strong>Tek Antenle T\u00fcm Dairelere Yay\u0131n:<\/strong> \u00c7at\u0131ya kurulan merkezi sistemle t\u00fcm bina sakinleri net yay\u0131n al\u0131r.<\/li>\n\n\n\n<li><strong>Estetik ve D\u00fczenli G\u00f6r\u00fcn\u00fcm:<\/strong> Bina d\u0131\u015f cephesinde anten kalabal\u0131\u011f\u0131 olmaz.<\/li>\n\n\n\n<li><strong>Bak\u0131m Kolayl\u0131\u011f\u0131:<\/strong> Ar\u0131za durumunda tek noktadan m\u00fcdahale edilir.<\/li>\n\n\n\n<li><strong>Ekonomik \u00c7\u00f6z\u00fcm:<\/strong> Toplu kurulum bireysel antenlere g\u00f6re daha hesapl\u0131d\u0131r.<\/li>\n<\/ul>\n\n\n\n<hr class=\"wp-block-separator has-alpha-channel-opacity\"\/>\n\n\n\n<h3 class=\"wp-block-heading\">\u26a0\ufe0f Uydu Sistemi Ar\u0131za Tespiti ve Onar\u0131m\u0131<\/h3>\n\n\n\n<ul class=\"wp-block-list\">\n<li>Sinyal yok, g\u00f6r\u00fcnt\u00fc donuyor veya kanal listesi bozulduysa h\u0131zl\u0131ca m\u00fcdahale ediyoruz.<\/li>\n\n\n\n<li>Ar\u0131zal\u0131 LNB, kablo, uydu al\u0131c\u0131s\u0131 veya splitter gibi par\u00e7alar\u0131 yerinde de\u011fi\u015ftiriyoruz.<\/li>\n\n\n\n<li>Merkezi sistemlerde sinyal da\u011f\u0131t\u0131m sorunlar\u0131n\u0131 tespit edip \u00e7\u00f6z\u00fcyoruz.<\/li>\n\n\n\n<li>Gerekirse sistem g\u00fcncellemesi ve yeniden ayarlama yap\u0131yoruz.<\/li>\n<\/ul>\n\n\n\n<hr class=\"wp-block-separator has-alpha-channel-opacity\"\/>\n\n\n\n<h3 class=\"wp-block-heading\">\ud83d\udccd Neden Pozitif Elektrik?<\/h3>\n\n\n\n<ul class=\"wp-block-list\">\n<li>\u2705 \u00dccretsiz ke\u015fif ve dan\u0131\u015fmanl\u0131k<\/li>\n\n\n\n<li>\u2705 7\/24 teknik servis<\/li>\n\n\n\n<li>\u2705 \u00c7anakkale\u2019ye \u00f6zel h\u0131zl\u0131 hizmet<\/li>\n\n\n\n<li>\u2705 Garantili par\u00e7a ve i\u015f\u00e7ilik<\/li>\n\n\n\n<li>\u2705 Tecr\u00fcbeli teknik ekip<\/li>\n<\/ul>\n\n\n\n<hr class=\"wp-block-separator has-alpha-channel-opacity\"\/>\n\n\n\n<h3 class=\"wp-block-heading\">\ud83d\udcde Hemen \u0130leti\u015fime Ge\u00e7in<\/h3>\n\n\n\n<p>TV uydu kurulumu, merkezi sistem montaj\u0131 veya ar\u0131za onar\u0131m\u0131 i\u00e7in bizimle ileti\u015fime ge\u00e7in.<br><strong>Telefon:<\/strong> 0501 357 17 17<br><strong>WhatsApp:<\/strong> 0501 357 17 17<\/p>\n","protected":false},"excerpt":{"rendered":"<p>\u00c7anakkale TV Uydu Kurulumu Merkezi Sistem Montaj\u0131 ve Ar\u0131za Onar\u0131m\u0131 TV Uydu Kurulumu Televizyon Yay\u0131nlar\u0131nda Kesintisiz Kalite \u0130\u00e7in Profesyonel \u00c7\u00f6z\u00fcmler \u00c7anakkale TV Uydu Kurulumu Pozitif&#8230;<\/p>\n","protected":false},"author":1,"featured_media":0,"parent":0,"menu_order":0,"comment_status":"closed","ping_status":"closed","template":"","meta":{"_joinchat":[],"footnotes":""},"class_list":["post-28","page","type-page","status-publish","hentry"],"yoast_head":"<!-- This site is optimized with the Yoast SEO plugin v26.3 - https:\/\/yoast.com\/wordpress\/plugins\/seo\/ -->\n<title>\u00c7anakkale TV Uydu Kurulumu - Elektrik Ar\u0131za Onar\u0131m<\/title>\n<meta name=\"description\" content=\"\u00c7anakkale TV Uydu Kurulumu bireysel ve merkezi uydu sistemleri kurulumu, ar\u0131za tespiti ve onar\u0131m\u0131 hizmeti. \u00dccretsiz ke\u015fif, garantili i\u015f\u00e7ilik.\" \/>\n<meta name=\"robots\" content=\"index, follow, max-snippet:-1, max-image-preview:large, max-video-preview:-1\" \/>\n<link rel=\"canonical\" href=\"https:\/\/canakkaleelektrikci.net\/?page_id=28\" \/>\n<meta property=\"og:locale\" content=\"tr_TR\" \/>\n<meta property=\"og:type\" content=\"article\" \/>\n<meta property=\"og:title\" content=\"\u00c7anakkale TV Uydu Kurulumu - Elektrik Ar\u0131za Onar\u0131m\" \/>\n<meta property=\"og:description\" content=\"\u00c7anakkale TV Uydu Kurulumu bireysel ve merkezi uydu sistemleri kurulumu, ar\u0131za tespiti ve onar\u0131m\u0131 hizmeti. \u00dccretsiz ke\u015fif, garantili i\u015f\u00e7ilik.\" \/>\n<meta property=\"og:url\" content=\"https:\/\/canakkaleelektrikci.net\/?page_id=28\" \/>\n<meta property=\"og:site_name\" content=\"Elektrik Ar\u0131za Onar\u0131m\" \/>\n<meta property=\"article:modified_time\" content=\"2025-11-08T19:22:28+00:00\" \/>\n<meta property=\"og:image\" content=\"https:\/\/canakkaleelektrikci.net\/wp-content\/uploads\/2025\/11\/WhatsApp-Gorsel-2025-11-08-saat-20.40.29_a470b1ea.jpg\" \/>\n\t<meta property=\"og:image:width\" content=\"1704\" \/>\n\t<meta property=\"og:image:height\" content=\"1278\" \/>\n\t<meta property=\"og:image:type\" content=\"image\/jpeg\" \/>\n<meta name=\"twitter:card\" content=\"summary_large_image\" \/>\n<meta name=\"twitter:label1\" content=\"Tahmini okuma s\u00fcresi\" \/>\n\t<meta name=\"twitter:data1\" content=\"2 dakika\" \/>\n<script type=\"application\/ld+json\" class=\"yoast-schema-graph\">{\"@context\":\"https:\/\/schema.org\",\"@graph\":[{\"@type\":\"WebPage\",\"@id\":\"https:\/\/canakkaleelektrikci.net\/?page_id=28\",\"url\":\"https:\/\/canakkaleelektrikci.net\/?page_id=28\",\"name\":\"\u00c7anakkale TV Uydu Kurulumu - Elektrik Ar\u0131za Onar\u0131m\",\"isPartOf\":{\"@id\":\"https:\/\/canakkaleelektrikci.net\/#website\"},\"primaryImageOfPage\":{\"@id\":\"https:\/\/canakkaleelektrikci.net\/?page_id=28#primaryimage\"},\"image\":{\"@id\":\"https:\/\/canakkaleelektrikci.net\/?page_id=28#primaryimage\"},\"thumbnailUrl\":\"https:\/\/canakkaleelektrikci.net\/wp-content\/uploads\/2025\/11\/WhatsApp-Gorsel-2025-11-08-saat-20.40.29_a470b1ea-1024x768.jpg\",\"datePublished\":\"2025-11-08T12:11:16+00:00\",\"dateModified\":\"2025-11-08T19:22:28+00:00\",\"description\":\"\u00c7anakkale TV Uydu Kurulumu bireysel ve merkezi uydu sistemleri kurulumu, ar\u0131za tespiti ve onar\u0131m\u0131 hizmeti. \u00dccretsiz ke\u015fif, garantili i\u015f\u00e7ilik.\",\"breadcrumb\":{\"@id\":\"https:\/\/canakkaleelektrikci.net\/?page_id=28#breadcrumb\"},\"inLanguage\":\"tr\",\"potentialAction\":[{\"@type\":\"ReadAction\",\"target\":[\"https:\/\/canakkaleelektrikci.net\/?page_id=28\"]}]},{\"@type\":\"ImageObject\",\"inLanguage\":\"tr\",\"@id\":\"https:\/\/canakkaleelektrikci.net\/?page_id=28#primaryimage\",\"url\":\"https:\/\/canakkaleelektrikci.net\/wp-content\/uploads\/2025\/11\/WhatsApp-Gorsel-2025-11-08-saat-20.40.29_a470b1ea.jpg\",\"contentUrl\":\"https:\/\/canakkaleelektrikci.net\/wp-content\/uploads\/2025\/11\/WhatsApp-Gorsel-2025-11-08-saat-20.40.29_a470b1ea.jpg\",\"width\":1704,\"height\":1278,\"caption\":\"\u00c7anakkale TV Uydu Kurulumu\"},{\"@type\":\"BreadcrumbList\",\"@id\":\"https:\/\/canakkaleelektrikci.net\/?page_id=28#breadcrumb\",\"itemListElement\":[{\"@type\":\"ListItem\",\"position\":1,\"name\":\"Anasayfa\",\"item\":\"https:\/\/canakkaleelektrikci.net\/\"},{\"@type\":\"ListItem\",\"position\":2,\"name\":\"\u00c7anakkale TV Uydu Kurulumu\"}]},{\"@type\":\"WebSite\",\"@id\":\"https:\/\/canakkaleelektrikci.net\/#website\",\"url\":\"https:\/\/canakkaleelektrikci.net\/\",\"name\":\"Elektrik Ar\u0131za Onar\u0131m\",\"description\":\"Kamera Ve Uydu Montaj\u0131 Yeralt\u0131 Kablo Ar\u0131za Tespit Onar\u0131m Ve Sa\u011flaml\u0131k Testleri\",\"potentialAction\":[{\"@type\":\"SearchAction\",\"target\":{\"@type\":\"EntryPoint\",\"urlTemplate\":\"https:\/\/canakkaleelektrikci.net\/?s={search_term_string}\"},\"query-input\":{\"@type\":\"PropertyValueSpecification\",\"valueRequired\":true,\"valueName\":\"search_term_string\"}}],\"inLanguage\":\"tr\"}]}<\/script>\n<!-- \/ Yoast SEO plugin. -->","yoast_head_json":{"title":"\u00c7anakkale TV Uydu Kurulumu - Elektrik Ar\u0131za Onar\u0131m","description":"\u00c7anakkale TV Uydu Kurulumu bireysel ve merkezi uydu sistemleri kurulumu, ar\u0131za tespiti ve onar\u0131m\u0131 hizmeti. \u00dccretsiz ke\u015fif, garantili i\u015f\u00e7ilik.","robots":{"index":"index","follow":"follow","max-snippet":"max-snippet:-1","max-image-preview":"max-image-preview:large","max-video-preview":"max-video-preview:-1"},"canonical":"https:\/\/canakkaleelektrikci.net\/?page_id=28","og_locale":"tr_TR","og_type":"article","og_title":"\u00c7anakkale TV Uydu Kurulumu - Elektrik Ar\u0131za Onar\u0131m","og_description":"\u00c7anakkale TV Uydu Kurulumu bireysel ve merkezi uydu sistemleri kurulumu, ar\u0131za tespiti ve onar\u0131m\u0131 hizmeti. \u00dccretsiz ke\u015fif, garantili i\u015f\u00e7ilik.","og_url":"https:\/\/canakkaleelektrikci.net\/?page_id=28","og_site_name":"Elektrik Ar\u0131za Onar\u0131m","article_modified_time":"2025-11-08T19:22:28+00:00","og_image":[{"width":1704,"height":1278,"url":"https:\/\/canakkaleelektrikci.net\/wp-content\/uploads\/2025\/11\/WhatsApp-Gorsel-2025-11-08-saat-20.40.29_a470b1ea.jpg","type":"image\/jpeg"}],"twitter_card":"summary_large_image","twitter_misc":{"Tahmini okuma s\u00fcresi":"2 dakika"},"schema":{"@context":"https:\/\/schema.org","@graph":[{"@type":"WebPage","@id":"https:\/\/canakkaleelektrikci.net\/?page_id=28","url":"https:\/\/canakkaleelektrikci.net\/?page_id=28","name":"\u00c7anakkale TV Uydu Kurulumu - Elektrik Ar\u0131za Onar\u0131m","isPartOf":{"@id":"https:\/\/canakkaleelektrikci.net\/#website"},"primaryImageOfPage":{"@id":"https:\/\/canakkaleelektrikci.net\/?page_id=28#primaryimage"},"image":{"@id":"https:\/\/canakkaleelektrikci.net\/?page_id=28#primaryimage"},"thumbnailUrl":"https:\/\/canakkaleelektrikci.net\/wp-content\/uploads\/2025\/11\/WhatsApp-Gorsel-2025-11-08-saat-20.40.29_a470b1ea-1024x768.jpg","datePublished":"2025-11-08T12:11:16+00:00","dateModified":"2025-11-08T19:22:28+00:00","description":"\u00c7anakkale TV Uydu Kurulumu bireysel ve merkezi uydu sistemleri kurulumu, ar\u0131za tespiti ve onar\u0131m\u0131 hizmeti. \u00dccretsiz ke\u015fif, garantili i\u015f\u00e7ilik.","breadcrumb":{"@id":"https:\/\/canakkaleelektrikci.net\/?page_id=28#breadcrumb"},"inLanguage":"tr","potentialAction":[{"@type":"ReadAction","target":["https:\/\/canakkaleelektrikci.net\/?page_id=28"]}]},{"@type":"ImageObject","inLanguage":"tr","@id":"https:\/\/canakkaleelektrikci.net\/?page_id=28#primaryimage","url":"https:\/\/canakkaleelektrikci.net\/wp-content\/uploads\/2025\/11\/WhatsApp-Gorsel-2025-11-08-saat-20.40.29_a470b1ea.jpg","contentUrl":"https:\/\/canakkaleelektrikci.net\/wp-content\/uploads\/2025\/11\/WhatsApp-Gorsel-2025-11-08-saat-20.40.29_a470b1ea.jpg","width":1704,"height":1278,"caption":"\u00c7anakkale TV Uydu Kurulumu"},{"@type":"BreadcrumbList","@id":"https:\/\/canakkaleelektrikci.net\/?page_id=28#breadcrumb","itemListElement":[{"@type":"ListItem","position":1,"name":"Anasayfa","item":"https:\/\/canakkaleelektrikci.net\/"},{"@type":"ListItem","position":2,"name":"\u00c7anakkale TV Uydu Kurulumu"}]},{"@type":"WebSite","@id":"https:\/\/canakkaleelektrikci.net\/#website","url":"https:\/\/canakkaleelektrikci.net\/","name":"Elektrik Ar\u0131za Onar\u0131m","description":"Kamera Ve Uydu Montaj\u0131 Yeralt\u0131 Kablo Ar\u0131za Tespit Onar\u0131m Ve Sa\u011flaml\u0131k Testleri","potentialAction":[{"@type":"SearchAction","target":{"@type":"EntryPoint","urlTemplate":"https:\/\/canakkaleelektrikci.net\/?s={search_term_string}"},"query-input":{"@type":"PropertyValueSpecification","valueRequired":true,"valueName":"search_term_string"}}],"inLanguage":"tr"}]}},"_links":{"self":[{"href":"https:\/\/canakkaleelektrikci.net\/index.php?rest_route=\/wp\/v2\/pages\/28","targetHints":{"allow":["GET"]}}],"collection":[{"href":"https:\/\/canakkaleelektrikci.net\/index.php?rest_route=\/wp\/v2\/pages"}],"about":[{"href":"https:\/\/canakkaleelektrikci.net\/index.php?rest_route=\/wp\/v2\/types\/page"}],"author":[{"embeddable":true,"href":"https:\/\/canakkaleelektrikci.net\/index.php?rest_route=\/wp\/v2\/users\/1"}],"replies":[{"embeddable":true,"href":"https:\/\/canakkaleelektrikci.net\/index.php?rest_route=%2Fwp%2Fv2%2Fcomments&post=28"}],"version-history":[{"count":3,"href":"https:\/\/canakkaleelektrikci.net\/index.php?rest_route=\/wp\/v2\/pages\/28\/revisions"}],"predecessor-version":[{"id":79,"href":"https:\/\/canakkaleelektrikci.net\/index.php?rest_route=\/wp\/v2\/pages\/28\/revisions\/79"}],"wp:attachment":[{"href":"https:\/\/canakkaleelektrikci.net\/index.php?rest_route=%2Fwp%2Fv2%2Fmedia&parent=28"}],"curies":[{"name":"wp","href":"https:\/\/api.w.org\/{rel}","templated":true}]}}