{"id":35,"date":"2025-11-08T15:27:42","date_gmt":"2025-11-08T12:27:42","guid":{"rendered":"https:\/\/canakkaleelektrikci.net\/?page_id=35"},"modified":"2025-11-08T15:37:56","modified_gmt":"2025-11-08T12:37:56","slug":"canakkale-yeralti-kablo-ariza","status":"publish","type":"page","link":"https:\/\/canakkaleelektrikci.net\/?page_id=35","title":{"rendered":"\u00c7anakkale Yeralt\u0131 Kablo Ar\u0131za"},"content":{"rendered":"\n<hr class=\"wp-block-separator has-alpha-channel-opacity\"\/>\n\n\n\n<h2 class=\"wp-block-heading\">\u26a1 \u00c7anakkale Yeralt\u0131 Kablo Ar\u0131za Tespiti veya Onar\u0131m\u0131 Hizmeti<\/h2>\n\n\n\n<h3 class=\"wp-block-heading\">Enerji Kesintilerine Son \u2013 Profesyonel Yeralt\u0131 Kablo M\u00fcdahalesi<\/h3>\n\n\n\n<p>Pozitif Elektrik olarak <strong>\u00c7anakkale yeralt\u0131 kablo ar\u0131za tespiti veya onar\u0131m\u0131<\/strong> hizmetlerinde uzman\u0131z. Elektrik kesintilerine neden olan gizli kablo sorunlar\u0131n\u0131, kaz\u0131s\u0131z y\u00f6ntemlerle tespit ediyor veya garantili \u015fekilde onar\u0131yoruz. Yeralt\u0131 elektrik altyap\u0131s\u0131nda olu\u015fan k\u0131sa devre, kopukluk ve izolasyon problemlerine h\u0131zl\u0131 veya etkili \u00e7\u00f6z\u00fcmler sunuyoruz.<\/p>\n\n\n\n<hr class=\"wp-block-separator has-alpha-channel-opacity\"\/>\n\n\n\n<h3 class=\"wp-block-heading\">\ud83d\udd0d Yeralt\u0131 Kablo Ar\u0131za Tespiti \u2013 Noktasal veya Kaz\u0131s\u0131z \u00c7\u00f6z\u00fcm<\/h3>\n\n\n\n<ul class=\"wp-block-list\">\n<li><strong>Yeralt\u0131 kablo g\u00fczergah belirleme<\/strong> cihazlar\u0131 ile hatt\u0131n y\u00f6n\u00fc ve derinli\u011fi tespit edilir<\/li>\n\n\n\n<li><strong>Ar\u0131za tespit cihazlar\u0131<\/strong> ile k\u0131sa devre, toprak ka\u00e7a\u011f\u0131 ve kopukluk analiz edilir<\/li>\n\n\n\n<li><strong>Termal kamera ve empedans \u00f6l\u00e7\u00fcm\u00fc<\/strong> ile detayl\u0131 inceleme yap\u0131l\u0131r<\/li>\n\n\n\n<li><strong>Kaz\u0131s\u0131z \u00f6n tespit<\/strong> ile zaman ve maliyet tasarrufu sa\u011flan\u0131r<\/li>\n<\/ul>\n\n\n\n<hr class=\"wp-block-separator has-alpha-channel-opacity\"\/>\n\n\n\n<h3 class=\"wp-block-heading\">\ud83d\udee0\ufe0f \u00c7anakkale Yeralt\u0131 Kablo Onar\u0131m\u0131 \u2013 Standartlara Uygun M\u00fcdahale<\/h3>\n\n\n\n<ul class=\"wp-block-list\">\n<li>Ar\u0131zal\u0131 b\u00f6lgeye noktasal kaz\u0131 ile m\u00fcdahale<\/li>\n\n\n\n<li>Kablo izolasyonu yenilenmekte, ba\u011flant\u0131lar yeniden yap\u0131lmaktad\u0131r.<\/li>\n\n\n\n<li>Gerekirse kablo tamamen de\u011fi\u015ftirilmektedir<\/li>\n\n\n\n<li>T\u00fcm i\u015flemler <strong>TEDA\u015e veya TSE<\/strong> standartlar\u0131na uygun \u015fekilde ger\u00e7ekle\u015ftirilmektedir.<\/li>\n<\/ul>\n\n\n\n<hr class=\"wp-block-separator has-alpha-channel-opacity\"\/>\n\n\n\n<h3 class=\"wp-block-heading\">\ud83e\uddea 10 DC Kablo Testleri \u2013 G\u00fcvenli\u011finizi \u00d6l\u00e7\u00fcn<\/h3>\n\n\n\n<ul class=\"wp-block-list\">\n<li>Yal\u0131t\u0131m direnci \u00f6l\u00e7\u00fcm\u00fc<\/li>\n\n\n\n<li>Dielektrik dayan\u0131m testi<\/li>\n\n\n\n<li>DC gerilim uygulamas\u0131 ile ka\u00e7ak kontrol\u00fc<\/li>\n\n\n\n<li>Test raporu veya teknik analiz sunumu<\/li>\n<\/ul>\n\n\n\n<p>Bu testler, hem yeni kurulumlarda hem de mevcut sistemlerde periyodik kontrol amac\u0131yla uygulan\u0131r.<\/p>\n\n\n\n<hr class=\"wp-block-separator has-alpha-channel-opacity\"\/>\n\n\n\n<h3 class=\"wp-block-heading\">\u2705 Neden Pozitif Elektrik?<\/h3>\n\n\n\n<ul class=\"wp-block-list\">\n<li>\ud83d\udccd \u00c7anakkale\u2019ye \u00f6zel yerel hizmet<\/li>\n\n\n\n<li>\ud83d\udd52 7\/24 teknik destek veya acil m\u00fcdahale<\/li>\n\n\n\n<li>\ud83d\udd27 Sertifikal\u0131 ekip ve profesyonel cihazlar<\/li>\n\n\n\n<li>\ud83d\udcc4 Detayl\u0131 test raporu ve teknik dan\u0131\u015fmanl\u0131k<\/li>\n\n\n\n<li>\ud83d\udcac \u00dccretsiz ke\u015fif ve fiyatland\u0131rma<\/li>\n<\/ul>\n\n\n\n<h3 class=\"wp-block-heading\"><\/h3>\n\n\n\n<h3 class=\"wp-block-heading\">Enerji Kesintilerine Son \u2013 Pozitif Elektrik ile G\u00fcvenli ve H\u0131zl\u0131 M\u00fcdahale<\/h3>\n\n\n\n<p>Yeralt\u0131 elektrik kablolar\u0131nda olu\u015fan ar\u0131zalar, hem i\u015fletmeler hem de konutlar i\u00e7in ciddi sorunlara yol a\u00e7abilir. Pozitif Elektrik olarak, \u00c7anakkale ve \u00e7evresinde yeralt\u0131 kablo ar\u0131zalar\u0131n\u0131n tespiti veya onar\u0131m\u0131 konusunda uzman ekibimizle hizmet veriyoruz.<\/p>\n\n\n\n<hr class=\"wp-block-separator has-alpha-channel-opacity\"\/>\n\n\n\n<h3 class=\"wp-block-heading\">\ud83d\udd0d Ar\u0131za Tespiti Nas\u0131l Yap\u0131l\u0131r?<\/h3>\n\n\n\n<p>Modern cihazlar\u0131m\u0131z sayesinde kaz\u0131 yapmadan, noktasal ar\u0131za tespiti ger\u00e7ekle\u015ftiriyoruz:<\/p>\n\n\n\n<ul class=\"wp-block-list\">\n<li><strong>Yeralt\u0131 kablo dedekt\u00f6r\u00fc<\/strong> ile g\u00fczergah veya derinlik belirleme<\/li>\n\n\n\n<li><strong>Ar\u0131za tespit cihazlar\u0131<\/strong> ile k\u0131sa devre, toprak ka\u00e7a\u011f\u0131 ve kopukluk analizi<\/li>\n\n\n\n<li><strong>Termal kamera ve empedans \u00f6l\u00e7\u00fcm\u00fc<\/strong> ile detayl\u0131 inceleme<\/li>\n\n\n\n<li><strong>Kaz\u0131s\u0131z \u00f6n tespit<\/strong> ile zaman veya maliyet tasarrufu<\/li>\n<\/ul>\n\n\n\n<hr class=\"wp-block-separator has-alpha-channel-opacity\"\/>\n\n\n\n<h3 class=\"wp-block-heading\">\ud83d\udee0\ufe0f Kablo Onar\u0131m\u0131 S\u00fcreci<\/h3>\n\n\n\n<p>Tespit edilen ar\u0131zaya g\u00f6re uygulad\u0131\u011f\u0131m\u0131z i\u015flemler:<\/p>\n\n\n\n<ul class=\"wp-block-list\">\n<li>Ar\u0131zal\u0131 b\u00f6lgeye noktasal kaz\u0131 ile m\u00fcdahale<\/li>\n\n\n\n<li>Kablo izolasyonunun yenilenmesi veya ba\u011flant\u0131lar\u0131n yeniden yap\u0131lmas\u0131<\/li>\n\n\n\n<li>Gerekirse kablonun tamamen de\u011fi\u015ftirilmesi<\/li>\n\n\n\n<li>TEDA\u015e ve TSE standartlar\u0131na uygun onar\u0131m<\/li>\n<\/ul>\n\n\n\n<p>T\u00fcm i\u015flemler uzman teknisyenlerimiz taraf\u0131ndan garantili olarak ger\u00e7ekle\u015ftirilir.<\/p>\n\n\n\n<hr class=\"wp-block-separator has-alpha-channel-opacity\"\/>\n\n\n\n<h3 class=\"wp-block-heading\">\ud83e\uddea 10 DC Kablo Testleri<\/h3>\n\n\n\n<p>Y\u00fcksek gerilimli yeralt\u0131 kablolar\u0131n\u0131n g\u00fcvenli\u011fini ve performans\u0131n\u0131 \u00f6l\u00e7mek i\u00e7in uygulanan testler:<\/p>\n\n\n\n<ul class=\"wp-block-list\">\n<li>Yal\u0131t\u0131m direnci \u00f6l\u00e7\u00fcm\u00fc<\/li>\n\n\n\n<li>Dielektrik dayan\u0131m testi<\/li>\n\n\n\n<li>DC gerilim uygulamas\u0131 ile ka\u00e7ak kontrol\u00fc<\/li>\n\n\n\n<li>Test raporu ve teknik analiz sunumu<\/li>\n<\/ul>\n\n\n\n<p>Bu testler, yeni kurulumlarda kabul testi olarak veya mevcut sistemlerde periyodik kontrol ama\u00e7l\u0131 yap\u0131lmaktad\u0131r.<\/p>\n\n\n\n<hr class=\"wp-block-separator has-alpha-channel-opacity\"\/>\n\n\n\n<h3 class=\"wp-block-heading\">\u2705 Neden Pozitif Elektrik?<\/h3>\n\n\n\n<ul class=\"wp-block-list\">\n<li>\ud83d\udccd \u00c7anakkale\u2019ye \u00f6zel yerel hizmet<\/li>\n\n\n\n<li>\ud83d\udd52 7\/24 teknik destek veya acil m\u00fcdahale<\/li>\n\n\n\n<li>\ud83d\udd27 Sertifikal\u0131 ekip veya profesyonel cihazlar<\/li>\n\n\n\n<li>\ud83d\udcc4 Detayl\u0131 test raporu veya teknik dan\u0131\u015fmanl\u0131k<\/li>\n\n\n\n<li>\ud83d\udcac \u00dccretsiz ke\u015fif veya fiyatland\u0131rma<\/li>\n<\/ul>\n\n\n\n<hr class=\"wp-block-separator has-alpha-channel-opacity\"\/>\n\n\n\n<h3 class=\"wp-block-heading\">\ud83d\udcde \u0130leti\u015fim Bilgileri<\/h3>\n\n\n\n<p><a href=\"https:\/\/canakkaleelektrikci.net\/\">Yeralt\u0131 elektrik kablo ar\u0131zas\u0131 tespiti ve onar\u0131m\u0131 i\u00e7in hemen bize ula\u015f\u0131n:<\/a><\/p>\n\n\n\n<hr class=\"wp-block-separator has-alpha-channel-opacity\"\/>\n\n\n\n<div class=\"wp-block-media-text is-stacked-on-mobile\"><figure class=\"wp-block-media-text__media\"><img loading=\"lazy\" decoding=\"async\" width=\"481\" height=\"641\" src=\"https:\/\/canakkaleelektrikci.net\/wp-content\/uploads\/2025\/11\/IMG_20240802_193622.jpg\" alt=\"\u00c7anakkale Yeralt\u0131 Kablo Ar\u0131za\" class=\"wp-image-36 size-full\" srcset=\"https:\/\/canakkaleelektrikci.net\/wp-content\/uploads\/2025\/11\/IMG_20240802_193622.jpg 481w, https:\/\/canakkaleelektrikci.net\/wp-content\/uploads\/2025\/11\/IMG_20240802_193622-225x300.jpg 225w\" sizes=\"auto, (max-width: 481px) 100vw, 481px\" \/><\/figure><div class=\"wp-block-media-text__content\">\n<p>\ud83d\udcf1 <a href=\"Telefon: 0501357 17 17\">Telefon: 0501357 17 17<\/a><\/p>\n\n\n\n<p>\ud83d\udce7 E-posta: Pztf.elektrik@gmail.com<\/p>\n\n\n\n<p>\ud83d\udccd Adres:<a href=\"https:\/\/pozitifelektrik.net\/\"> Kepez, \u00c7anakkale<\/a><\/p>\n\n\n\n<p>\ud83d\udd52 Hizmet Saatleri: 7\/24 hizmet veriyoruz<\/p>\n<\/div><\/div>\n\n\n\n<p><\/p>\n","protected":false},"excerpt":{"rendered":"<p>\u26a1 \u00c7anakkale Yeralt\u0131 Kablo Ar\u0131za Tespiti veya Onar\u0131m\u0131 Hizmeti Enerji Kesintilerine Son \u2013 Profesyonel Yeralt\u0131 Kablo M\u00fcdahalesi Pozitif Elektrik olarak \u00c7anakkale yeralt\u0131 kablo ar\u0131za tespiti&#8230;<\/p>\n","protected":false},"author":1,"featured_media":0,"parent":0,"menu_order":0,"comment_status":"closed","ping_status":"closed","template":"","meta":{"_joinchat":[],"footnotes":""},"class_list":["post-35","page","type-page","status-publish","hentry"],"yoast_head":"<!-- This site is optimized with the Yoast SEO plugin v26.3 - https:\/\/yoast.com\/wordpress\/plugins\/seo\/ -->\n<title>\u00c7anakkale Yeralt\u0131 Kablo Ar\u0131za - Elektrik Ar\u0131za Onar\u0131m<\/title>\n<meta name=\"description\" content=\"\u00c7anakkale Yeralt\u0131 Kablo Ar\u0131za tespiti, g\u00fczergah belirleme ve onar\u0131m hizmeti. Kaz\u0131s\u0131z tespit, garantili m\u00fcdahale ve 7\/24\" \/>\n<meta name=\"robots\" content=\"index, follow, max-snippet:-1, max-image-preview:large, max-video-preview:-1\" \/>\n<link rel=\"canonical\" href=\"https:\/\/canakkaleelektrikci.net\/?page_id=35\" \/>\n<meta property=\"og:locale\" content=\"tr_TR\" \/>\n<meta property=\"og:type\" content=\"article\" \/>\n<meta property=\"og:title\" content=\"\u00c7anakkale Yeralt\u0131 Kablo Ar\u0131za - Elektrik Ar\u0131za Onar\u0131m\" \/>\n<meta property=\"og:description\" content=\"\u00c7anakkale Yeralt\u0131 Kablo Ar\u0131za tespiti, g\u00fczergah belirleme ve onar\u0131m hizmeti. Kaz\u0131s\u0131z tespit, garantili m\u00fcdahale ve 7\/24\" \/>\n<meta property=\"og:url\" content=\"https:\/\/canakkaleelektrikci.net\/?page_id=35\" \/>\n<meta property=\"og:site_name\" content=\"Elektrik Ar\u0131za Onar\u0131m\" \/>\n<meta property=\"article:modified_time\" content=\"2025-11-08T12:37:56+00:00\" \/>\n<meta property=\"og:image\" content=\"https:\/\/canakkaleelektrikci.net\/wp-content\/uploads\/2025\/11\/IMG_20240802_193622.jpg\" \/>\n\t<meta property=\"og:image:width\" content=\"481\" \/>\n\t<meta property=\"og:image:height\" content=\"641\" \/>\n\t<meta property=\"og:image:type\" content=\"image\/jpeg\" \/>\n<meta name=\"twitter:card\" content=\"summary_large_image\" \/>\n<meta name=\"twitter:label1\" content=\"Tahmini okuma s\u00fcresi\" \/>\n\t<meta name=\"twitter:data1\" content=\"3 dakika\" \/>\n<script type=\"application\/ld+json\" class=\"yoast-schema-graph\">{\"@context\":\"https:\/\/schema.org\",\"@graph\":[{\"@type\":\"WebPage\",\"@id\":\"https:\/\/canakkaleelektrikci.net\/?page_id=35\",\"url\":\"https:\/\/canakkaleelektrikci.net\/?page_id=35\",\"name\":\"\u00c7anakkale Yeralt\u0131 Kablo Ar\u0131za - Elektrik Ar\u0131za Onar\u0131m\",\"isPartOf\":{\"@id\":\"https:\/\/canakkaleelektrikci.net\/#website\"},\"primaryImageOfPage\":{\"@id\":\"https:\/\/canakkaleelektrikci.net\/?page_id=35#primaryimage\"},\"image\":{\"@id\":\"https:\/\/canakkaleelektrikci.net\/?page_id=35#primaryimage\"},\"thumbnailUrl\":\"https:\/\/canakkaleelektrikci.net\/wp-content\/uploads\/2025\/11\/IMG_20240802_193622.jpg\",\"datePublished\":\"2025-11-08T12:27:42+00:00\",\"dateModified\":\"2025-11-08T12:37:56+00:00\",\"description\":\"\u00c7anakkale Yeralt\u0131 Kablo Ar\u0131za tespiti, g\u00fczergah belirleme ve onar\u0131m hizmeti. Kaz\u0131s\u0131z tespit, garantili m\u00fcdahale ve 7\/24\",\"breadcrumb\":{\"@id\":\"https:\/\/canakkaleelektrikci.net\/?page_id=35#breadcrumb\"},\"inLanguage\":\"tr\",\"potentialAction\":[{\"@type\":\"ReadAction\",\"target\":[\"https:\/\/canakkaleelektrikci.net\/?page_id=35\"]}]},{\"@type\":\"ImageObject\",\"inLanguage\":\"tr\",\"@id\":\"https:\/\/canakkaleelektrikci.net\/?page_id=35#primaryimage\",\"url\":\"https:\/\/canakkaleelektrikci.net\/wp-content\/uploads\/2025\/11\/IMG_20240802_193622.jpg\",\"contentUrl\":\"https:\/\/canakkaleelektrikci.net\/wp-content\/uploads\/2025\/11\/IMG_20240802_193622.jpg\",\"width\":481,\"height\":641,\"caption\":\"\u00c7anakkale Yeralt\u0131 Kablo Ar\u0131za\"},{\"@type\":\"BreadcrumbList\",\"@id\":\"https:\/\/canakkaleelektrikci.net\/?page_id=35#breadcrumb\",\"itemListElement\":[{\"@type\":\"ListItem\",\"position\":1,\"name\":\"Anasayfa\",\"item\":\"https:\/\/canakkaleelektrikci.net\/\"},{\"@type\":\"ListItem\",\"position\":2,\"name\":\"\u00c7anakkale Yeralt\u0131 Kablo Ar\u0131za\"}]},{\"@type\":\"WebSite\",\"@id\":\"https:\/\/canakkaleelektrikci.net\/#website\",\"url\":\"https:\/\/canakkaleelektrikci.net\/\",\"name\":\"Elektrik Ar\u0131za Onar\u0131m\",\"description\":\"Kamera Ve Uydu Montaj\u0131 Yeralt\u0131 Kablo Ar\u0131za Tespit Onar\u0131m Ve Sa\u011flaml\u0131k Testleri\",\"potentialAction\":[{\"@type\":\"SearchAction\",\"target\":{\"@type\":\"EntryPoint\",\"urlTemplate\":\"https:\/\/canakkaleelektrikci.net\/?s={search_term_string}\"},\"query-input\":{\"@type\":\"PropertyValueSpecification\",\"valueRequired\":true,\"valueName\":\"search_term_string\"}}],\"inLanguage\":\"tr\"}]}<\/script>\n<!-- \/ Yoast SEO plugin. -->","yoast_head_json":{"title":"\u00c7anakkale Yeralt\u0131 Kablo Ar\u0131za - Elektrik Ar\u0131za Onar\u0131m","description":"\u00c7anakkale Yeralt\u0131 Kablo Ar\u0131za tespiti, g\u00fczergah belirleme ve onar\u0131m hizmeti. Kaz\u0131s\u0131z tespit, garantili m\u00fcdahale ve 7\/24","robots":{"index":"index","follow":"follow","max-snippet":"max-snippet:-1","max-image-preview":"max-image-preview:large","max-video-preview":"max-video-preview:-1"},"canonical":"https:\/\/canakkaleelektrikci.net\/?page_id=35","og_locale":"tr_TR","og_type":"article","og_title":"\u00c7anakkale Yeralt\u0131 Kablo Ar\u0131za - Elektrik Ar\u0131za Onar\u0131m","og_description":"\u00c7anakkale Yeralt\u0131 Kablo Ar\u0131za tespiti, g\u00fczergah belirleme ve onar\u0131m hizmeti. Kaz\u0131s\u0131z tespit, garantili m\u00fcdahale ve 7\/24","og_url":"https:\/\/canakkaleelektrikci.net\/?page_id=35","og_site_name":"Elektrik Ar\u0131za Onar\u0131m","article_modified_time":"2025-11-08T12:37:56+00:00","og_image":[{"width":481,"height":641,"url":"https:\/\/canakkaleelektrikci.net\/wp-content\/uploads\/2025\/11\/IMG_20240802_193622.jpg","type":"image\/jpeg"}],"twitter_card":"summary_large_image","twitter_misc":{"Tahmini okuma s\u00fcresi":"3 dakika"},"schema":{"@context":"https:\/\/schema.org","@graph":[{"@type":"WebPage","@id":"https:\/\/canakkaleelektrikci.net\/?page_id=35","url":"https:\/\/canakkaleelektrikci.net\/?page_id=35","name":"\u00c7anakkale Yeralt\u0131 Kablo Ar\u0131za - Elektrik Ar\u0131za Onar\u0131m","isPartOf":{"@id":"https:\/\/canakkaleelektrikci.net\/#website"},"primaryImageOfPage":{"@id":"https:\/\/canakkaleelektrikci.net\/?page_id=35#primaryimage"},"image":{"@id":"https:\/\/canakkaleelektrikci.net\/?page_id=35#primaryimage"},"thumbnailUrl":"https:\/\/canakkaleelektrikci.net\/wp-content\/uploads\/2025\/11\/IMG_20240802_193622.jpg","datePublished":"2025-11-08T12:27:42+00:00","dateModified":"2025-11-08T12:37:56+00:00","description":"\u00c7anakkale Yeralt\u0131 Kablo Ar\u0131za tespiti, g\u00fczergah belirleme ve onar\u0131m hizmeti. Kaz\u0131s\u0131z tespit, garantili m\u00fcdahale ve 7\/24","breadcrumb":{"@id":"https:\/\/canakkaleelektrikci.net\/?page_id=35#breadcrumb"},"inLanguage":"tr","potentialAction":[{"@type":"ReadAction","target":["https:\/\/canakkaleelektrikci.net\/?page_id=35"]}]},{"@type":"ImageObject","inLanguage":"tr","@id":"https:\/\/canakkaleelektrikci.net\/?page_id=35#primaryimage","url":"https:\/\/canakkaleelektrikci.net\/wp-content\/uploads\/2025\/11\/IMG_20240802_193622.jpg","contentUrl":"https:\/\/canakkaleelektrikci.net\/wp-content\/uploads\/2025\/11\/IMG_20240802_193622.jpg","width":481,"height":641,"caption":"\u00c7anakkale Yeralt\u0131 Kablo Ar\u0131za"},{"@type":"BreadcrumbList","@id":"https:\/\/canakkaleelektrikci.net\/?page_id=35#breadcrumb","itemListElement":[{"@type":"ListItem","position":1,"name":"Anasayfa","item":"https:\/\/canakkaleelektrikci.net\/"},{"@type":"ListItem","position":2,"name":"\u00c7anakkale Yeralt\u0131 Kablo Ar\u0131za"}]},{"@type":"WebSite","@id":"https:\/\/canakkaleelektrikci.net\/#website","url":"https:\/\/canakkaleelektrikci.net\/","name":"Elektrik Ar\u0131za Onar\u0131m","description":"Kamera Ve Uydu Montaj\u0131 Yeralt\u0131 Kablo Ar\u0131za Tespit Onar\u0131m Ve Sa\u011flaml\u0131k Testleri","potentialAction":[{"@type":"SearchAction","target":{"@type":"EntryPoint","urlTemplate":"https:\/\/canakkaleelektrikci.net\/?s={search_term_string}"},"query-input":{"@type":"PropertyValueSpecification","valueRequired":true,"valueName":"search_term_string"}}],"inLanguage":"tr"}]}},"_links":{"self":[{"href":"https:\/\/canakkaleelektrikci.net\/index.php?rest_route=\/wp\/v2\/pages\/35","targetHints":{"allow":["GET"]}}],"collection":[{"href":"https:\/\/canakkaleelektrikci.net\/index.php?rest_route=\/wp\/v2\/pages"}],"about":[{"href":"https:\/\/canakkaleelektrikci.net\/index.php?rest_route=\/wp\/v2\/types\/page"}],"author":[{"embeddable":true,"href":"https:\/\/canakkaleelektrikci.net\/index.php?rest_route=\/wp\/v2\/users\/1"}],"replies":[{"embeddable":true,"href":"https:\/\/canakkaleelektrikci.net\/index.php?rest_route=%2Fwp%2Fv2%2Fcomments&post=35"}],"version-history":[{"count":2,"href":"https:\/\/canakkaleelektrikci.net\/index.php?rest_route=\/wp\/v2\/pages\/35\/revisions"}],"predecessor-version":[{"id":39,"href":"https:\/\/canakkaleelektrikci.net\/index.php?rest_route=\/wp\/v2\/pages\/35\/revisions\/39"}],"wp:attachment":[{"href":"https:\/\/canakkaleelektrikci.net\/index.php?rest_route=%2Fwp%2Fv2%2Fmedia&parent=35"}],"curies":[{"name":"wp","href":"https:\/\/api.w.org\/{rel}","templated":true}]}}